se -2*t + 5*s = -400, -a*s = t - 123 - 86. Is t a prime number?
False
Suppose -2*u = -3*s + 5*s - 824, -5*s - 3*u + 2068 = 0. Let b be (3 - -3)/((-1)/(-138)). Suppose 0 = -r - x + s, -2*r + 6*x = 4*x - b. Is r composite?
True
Let f(u) = 33*u**2 - 4*u - 4. Let z be f(-3). Suppose 0 = -56*n + 57*n + 94. Let l = n + z. Is l a prime number?
True
Let l(g) = -g**3 + g**2 + g + 1. Let d(w) = 6*w**3 + 6*w**2 - 8*w - 13. Let k(b) = -d(b) - 3*l(b). Is k(-7) a composite number?
False
Suppose 2*d - 3*k = 1093, 4*d + 653 = 5*k + 2842. Is d a composite number?
True
Let d(c) = 3545*c - 156. Is d(5) a prime number?
True
Suppose 3*b + 2 - 17 = 0. Suppose b*c - 2*a = 4855, a = 3*c - 2*a - 2904. Is c a prime number?
False
Let f = 34 + -30. Let l(u) = 9*u + 13*u - f*u - 2 - 1. Is l(14) prime?
False
Let p(v) = 23*v**2 + 21*v - 11. Is p(20) a prime number?
False
Suppose 7*u - 8637 = 4*u. Suppose 2*f = u - 313. Is f composite?
False
Suppose 4*m = o + 4*o + 12, 2*o = 5*m - 15. Suppose o*y + t - 2 = 5*y, 4*y - t = -2. Suppose -5*a = 2*f - 187, y*f - 5*f - 137 = -3*a. Is a a prime number?
False
Let m be 80/(-30) - (-2)/3. Let y(r) = 106*r**2 + 2*r - 1. Is y(m) a composite number?
False
Let w(a) = 36*a**2 + 11*a - 2. Is w(-7) composite?
True
Let m(b) = 4*b**3 - 17*b**3 - 7*b**3 - 5*b**3 + 12*b**2 + 11 + 7*b. Is m(-8) a prime number?
True
Let d(w) be the first derivative of -57/2*w**2 - w + 7. Is d(-2) a prime number?
True
Suppose 3*u + 4*u - 2884 = 0. Let r = u - 81. Is r composite?
False
Let b be (-5)/(-10) + (-1470)/4. Let k = -238 - b. Is k composite?
True
Suppose -6*f + 2614 = -14294. Is f composite?
True
Let h = -13 - -19. Let l = h + 121. Is l prime?
True
Suppose -4*y + 2*y + 3*j = -3398, -4*y = 3*j - 6760. Is y a prime number?
True
Let c(h) = -h**3 - 20*h**2 - 35*h + 23. Let x be c(-18). Suppose -v = -2*i - 2559, x*v - 2*i - 12795 = i. Is v a prime number?
False
Let y = -343 + 244. Let l = 353 + y. Is l prime?
False
Suppose 13535 = 3*q + 2*q - 2*c, -2*q = -c - 5415. Is q composite?
True
Let o = 9 - 9. Suppose -3*x + p + 18 = o, -3*p + p = -3*x + 21. Suppose -4*z + 1891 = x*w, 0*z = -z - 2*w + 475. Is z prime?
False
Let r(n) = 5*n**2 + 8*n + 12. Let z be r(-5). Suppose z = -0*g + g. Is g a prime number?
True
Suppose -4*a - 5*s + 27 = 3, -2*s + 8 = 0. Let j(i) = 2*i + 5 + 191*i**2 - 2 - 4 - 178*i**2. Is j(a) composite?
True
Suppose 0*x + 373 = 2*b + 3*x, -b + 179 = 4*x. Let d = -114 + b. Is d composite?
True
Let p(b) = -b**2 - 4*b + 1. Let u be p(-3). Suppose k = -4*k + c + 10, c + u = 2*k. Suppose -5*d - n = -193, k*d - 5*n = 4*d - 91. Is d a prime number?
False
Is (-452)/(-6)*(-1260)/(-8) + -2 composite?
False
Suppose -12*u + 363397 - 16657 = 0. Is u a prime number?
False
Let y(h) = h**2 + 7*h - 18. Let j be y(-9). Suppose -g = -3*b - j*b + 995, b - 329 = -g. Is b prime?
True
Let r = -4706 + 9567. Is r composite?
False
Let k(d) = 133*d + 36. Is k(5) a prime number?
True
Let p(d) = 7428*d + 919. Is p(4) prime?
True
Suppose 0 = 4*l + 5*q - 20659, -2*l + 703 = -3*q - 9610. Is l prime?
False
Let y be (-7)/(-1) + (1 - 3). Suppose 6*i + 23 = y. Is (-2)/i + 6915/9 a prime number?
True
Suppose -165*d + 160*d + 149915 = 0. Is d composite?
False
Suppose -v + 1656 = -4*l, -2*v + l = 2*v - 6624. Is 11/11 + 0 + v a composite number?
False
Let o be (6 - 2)*(-505)/(-20). Let y = o - 55. Is y a composite number?
True
Let c = 99 - 204. Let j = c + 2260. Is j a prime number?
False
Suppose 0 = -18*q + 44127 + 34587. Is q a composite number?
False
Let k = 25095 + -8912. Is k prime?
True
Suppose 2*g - 8 = 0, -2*a - 3*a + 330 = 5*g. Suppose -a = 3*x + l - 313, l = -x + 81. Is x a composite number?
True
Let k be 2*((-222)/(-3))/1. Let m = k + -102. Let p = m + 25. Is p a prime number?
True
Suppose -2*v - 3*v = 2*l - 886, 0 = 4*v + 3*l - 713. Let u = -298 + v. Let y = -87 - u. Is y prime?
False
Let s = 16 + -10. Suppose l - s*l + 40 = 2*c, -4*c = 3*l - 94. Suppose -3*g + c = -14. Is g a composite number?
False
Let h be 72/15 - 1/(-5). Suppose -h*y - 1117 = -6*y. Is y composite?
False
Suppose -520475 = -21*k - 4*k. Is k a prime number?
False
Let u(y) = y**3 - 6*y**2 - 26*y + 19. Let o be u(11). Suppose 0 = 5*b - 173 - 647. Suppose o = 2*l - b. Is l a composite number?
False
Suppose -3*o = 4*w - 34 - 34, o + w - 21 = 0. Suppose -12*x + o*x - 2492 = 0. Is x a prime number?
False
Let h(l) = 98*l**2 + 4*l - 43. Is h(18) a prime number?
False
Let t = 807 + -405. Suppose -5*l + 3*l = 2*c - 1596, -2*c - 2 = 0. Let m = l - t. Is m composite?
False
Suppose 3*y - y = -4. Let z = y + 13. Suppose s - 390 = -z. Is s composite?
False
Suppose -3*v + 625 = 2*q, 91*v - 825 = 87*v - q. Is v composite?
True
Is (1/7)/((-11)/(-10857077)*7) a prime number?
True
Suppose -4*v + 24 = 8. Let i be (6/(-27))/(5/(-90)). Suppose q + 2*q = v*s + 42, -i*s + 38 = 5*q. Is q composite?
True
Let t = 15 + -12. Let r be (t - 4 - 0)/(-1). Is -2 - (3 + (-164)/r) prime?
False
Is 4/6*((-168181)/(-34) - -2) prime?
True
Let v(r) = -3*r**2 + 6*r + 5. Let f(s) = 7*s**2 - 13*s - 11. Let t(d) = 2*f(d) + 5*v(d). Let q be t(5). Is (-1194)/q*2/6 a prime number?
True
Let a = -10 - -15. Suppose -2*x + a*l - 4*l = -836, x - 5*l - 409 = 0. Is x prime?
True
Suppose 0 = -2*g, -2*k = -6*k - 5*g + 8912. Suppose -8*a = -5*a - 4*z - 2225, -3*a + z = -k. Is a a prime number?
True
Let j(l) = -l**3 - 63*l**2 + 521 + 64*l**2 - l + 0*l**3. Is j(0) prime?
True
Suppose 0*h - 3*h - 12 = 0, -4*z + 2*h = -1060. Is z prime?
True
Suppose 4*p - 8 = 0, 7*i - 2*i = 3*p + 13604. Is i a prime number?
False
Suppose 0 = -2*u + 1574 + 1824. Let v = u - 1206. Is v prime?
False
Suppose 4*a + 4370 = 19654. Is a prime?
True
Suppose 1 = 4*u + x - 3, 2*u + 4*x + 12 = 0. Suppose -u*t = -4*s + s - 2577, -5*s + 1308 = t. Is t prime?
False
Let p(v) = 5 + 0*v**3 + v**3 - 1 - 7*v. Let g be -3 - (-10 - (2 + -4)). Is p(g) a prime number?
False
Suppose -1111*l = -1113*l + 14466. Is l prime?
False
Is ((-1 - 1) + 0 + 1)*-659 prime?
True
Suppose 964*s + 192487 = 987*s. Is s a composite number?
False
Let l(v) = v**2 - 7*v + 3. Let o be l(0). Let t(d) = d**2 + d + 69. Let m be t(0). Suppose -m = -o*q + 30. Is q composite?
True
Suppose 5*z - 75515 = n, -z + 4*n = 7*n - 15103. Is z prime?
False
Let q(d) = 71*d - 3. Let k = -13 - -16. Let m be q(k). Suppose 0 = -4*p + 202 + m. Is p composite?
False
Let j be (-3)/(-4)*-2*12/18. Let p(o) = -3844*o + 3. Is p(j) a prime number?
True
Suppose v - w = 104, w + 2 = 3*w. Let d be 590/3 + (-2)/3. Suppose 5*p = -5*i + v, -d = -5*p + i - 61. Is p a composite number?
True
Suppose s + 4*a = 5*s - 11752, 0 = -5*s - 3*a + 14666. Is s a composite number?
True
Let p = 3846 + 15709. Is p a prime number?
False
Is ((-406)/(-14))/(2/118) prime?
False
Suppose -3*u = n - 0*n - 10, 0 = 4*u - 8. Is (-3)/(-12)*n - -450 composite?
True
Let o(h) = 2*h - 8. Let w be o(4). Suppose m - 166 - 39 = w. Let y = m - -48. Is y a prime number?
False
Suppose 4*k = -5*a + 5762, 2*k = -2*a + 5*a - 3466. Is a a prime number?
False
Suppose 8*k - 5*k = 6. Suppose -2*h - 5*j + 95 = -194, k*h + 3*j - 299 = 0. Is h a composite number?
False
Suppose i = 5*l - 75, -2*l - 3*i = 7 - 54. Suppose r - 5*r + l = 0. Suppose r*n + 2*a - 60 = 180, n + 3*a = 65. Is n a composite number?
False
Let f be -51*(-1 - (-1)/3). Let y(d) = 1 + f*d - 4 + 4*d. Is y(7) a composite number?
False
Suppose v - 3*u - 733 = 546, 4*v + 4*u - 5084 = 0. Is v composite?
True
Let i(a) = a**3 + 5*a**2 - 2*a - 7. Let w be i(-5). Suppose -42 = q - w*q. Let m = 34 + q. Is m a prime number?
False
Let s be (0 + (-1 - -2))*2. Suppose 0 = s*n - 3*w - 19, -4*w - 27 = -3*n - 1. Is 22*(4 - n)/2 prime?
False
Suppose 4*z = 6*z - 24466. Suppose b + z = 2*w, 0*w - 4*w = 5*b - 24473. Is w a composite number?
True
Suppose -22*i + 24*i = 278. Let d = i + 340. Is d a composite number?
False
Suppose 0 = -27*s + 36*s - 119907. Is s a composite number?
True
Let x(q) = 2*q - 4 + 33*q**2 + 91*q**2 - 7*q**2. Is x(-3) prime?
False
Suppose -5*w + w = -3*z + 2419, 0 = z + w - 797. Suppose -1418 = -7*r + z. Is r a prime number?
True
Let z(q) = -q**3 - 10*q**2 - 8*q + 11. Suppose -4*p + 3*b + 59 = 0, 2*p = 5*b - 3*b + 32. Let v = -21 + p. Is z(v) a prime number?
False
Suppose 16229 = 33*x - 502. Let c = -4 - -12. Suppose c = s + s, -n - s = -x. 